*b - 2*j, -4*j = 3*b - 364. Suppose -44 - b = 2*z. Let r = -42 - z. What is the tens digit of r?
3
Let m(p) = -p**2 + 10*p - 16. Let z be m(6). Suppose -z - 217 = -5*b. What is the units digit of b?
5
Let p = 55 + -28. Let o = 16 + 2. Let d = p - o. What is the units digit of d?
9
Let i = 1 - -4. Suppose i*l + 4*a = -7, -2*a = l + l + 4. What is the tens digit of (-161)/(-14)*(1 + l)?
2
Let z(m) = m**2 + 11*m + 16. Let y be z(-11). Let f be (4/(-3))/(y/(-1176)). Suppose -2*j - 3*b + 76 = -7*b, -2*b - f = -3*j. What is the tens digit of j?
3
Suppose 0*t - 5 = -t. Let o(d) = -d**3 - 4*d**2 + 79. Let p be o(0). Suppose 3*j - p = 2*w, -3*j = -t*w - 47 - 47. What is the tens digit of j?
2
Let f(d) = -d**3 - 5*d**2 - 2*d + 88. Let w(i) = -3*i**3 - 14*i**2 - 6*i + 263. Let a(x) = -11*f(x) + 4*w(x). What is the tens digit of a(0)?
8
What is the hundreds digit of ((-150)/200)/(1/(-1444))?
0
Suppose -7*j - 4805 = -16460. What is the thousands digit of j?
1
Suppose 62*m + 34320 = 86*m. What is the tens digit of m?
3
Let t = 3941 - -439. What is the hundreds digit of t?
3
Let v(c) = c**3 - 3*c**2 + 7*c - 1. Let p be v(3). Suppose -48 = -5*x + 2*w, -w - 2*w = -x + p. What is the units digit of x?
8
Suppose -3*y = -2*c - 88, -2 = -2*y - 4*c + 30. Suppose -23*m = -y*m + 219. What is the tens digit of m?
7
Suppose 2*y - 5110 = -5*y. What is the hundreds digit of y?
7
Let k(q) = -q**3 - 6*q**2 + 26*q - 7. What is the tens digit of k(-11)?
1
Let v = 12 + -6. Let j(b) = 6 - v*b + 0*b + 5 + 4. What is the tens digit of j(-6)?
5
Suppose -2*m = 7 - 21. Let c(s) = -m*s - 2*s**2 - s**2 + 5*s**2 - s + 7. What is the tens digit of c(6)?
3
Suppose -41*z + 200636 = 56562. What is the hundreds digit of z?
5
What is the units digit of (-148056)/(-310) - 6/10?
7
What is the units digit of ((-1398)/3)/(9/((-27)/6))?
3
What is the tens digit of (-1)/((-6)/(-1404)*-2)?
1
Suppose -313 = -4*s + 239. What is the tens digit of (-5)/(30/s)*(-3 + 0)?
6
Suppose 0 = -8*w + 6*w + 8. Suppose -2*k = b + 18, w*b + k + 30 = -21. What is the tens digit of -1*1*(-39 + b)?
5
Let y be (-2 + 65/25)*-5. What is the tens digit of 3/(-12 - y)*-483?
6
Let c be -2 + (12/2 - -4). Suppose -3 = 5*h - c. What is the units digit of h?
1
Let m(c) = 8*c**2 - 6*c + 37. What is the thousands digit of m(13)?
1
Let q be 33913/143 - 2/26*2. Let l = q + -65. What is the tens digit of l?
7
What is the hundreds digit of (-5)/((-95)/5166) + 2/19?
2
Let v = -237 + 425. Let s = 304 - 39. Let t = s - v. What is the tens digit of t?
7
Let s(b) = -55*b + 15. What is the hundreds digit of s(-6)?
3
Let d be 5/3*(-5 - (-9 + 1)). Suppose -4*o + 136 = 4*w - 220, -2*w - 480 = -d*o. What is the tens digit of o?
9
Suppose -5*o - 5 = 2*j + 4, 4*j = -5*o - 3. Let a(m) = -27*m + 6. What is the tens digit of a(o)?
8
Suppose -3*y = -3*b + 7*b - 24, 5*y = 4*b + 8. Suppose 5*i - 907 = -2*o, 2*o - 460 = o + y*i. What is the tens digit of 4/10 + o/10?
4
Let a be (45 - -3) + -1*4. Suppose 5*u = u + a. Suppose u = i - 4. What is the units digit of i?
5
Suppose 0 = -3*d + 243 - 81. Let o be (1*-92 - -1)/(1 - 2). Let z = o - d. What is the tens digit of z?
3
Let h(d) = -19*d**2 + 3*d + 5. Let n be h(-3). Let g = -74 - n. What is the units digit of g?
1
Suppose 3*s = 7*s - 5*w - 19032, s - 4741 = -3*w. What is the hundreds digit of s?
7
Suppose 0*q - 5*q = z - 15, 2*q - 3*z + 11 = 0. Let t(i) = 6*i - 4*i**2 + 6*i**q - 3 - 1. What is the units digit of t(-6)?
2
Let x be (-12)/30 - 272/(-5). Let w be (-1572)/x - 4/(-36). Let v = w + 48. What is the units digit of v?
9
Let x(r) be the third derivative of r**6/120 - 7*r**5/30 - r**4/24 + 11*r**3/6 - 8*r**2. Let u be x(14). What is the units digit of 5*(u - (-171)/15)?
2
Suppose 4*t - t = 3*n, -2*t + 2 = -n. Let m(i) = i**3 + 7*i**2 + 8*i + 1. Let b be m(-5). Suppose 9*d - b*d = -n. What is the units digit of d?
1
Let w(u) = 24*u + 2. Let g(r) = 96*r + 8. Let f(h) = -6*g(h) + 22*w(h). What is the units digit of f(-2)?
2
Let n be 2/(-15) - 1776/180. What is the units digit of (n - -9) + (2 - -4)?
5
Suppose -5*v + 2*v = -9. Suppose -1 = v*n - 10. Suppose 5*q = o - 2*o + 15, o - n*q - 55 = 0. What is the units digit of o?
0
Suppose 0 = -t + 2, -v + 4*t = 3. Suppose -5*j = v*w - j - 380, w - j - 67 = 0. What is the units digit of w?
2
Let p be (2/(-3))/((-4)/42). Let u(r) = 7*r + 18. What is the units digit of u(p)?
7
Suppose 17*v - 14*v + 2067 = 3*n, 3*n = v + 2075. What is the tens digit of n?
9
Let t(u) = 18*u**2 + 39*u - 72. What is the hundreds digit of t(-6)?
3
Suppose 0 = -3*m + 2*p + 1493, 11*m = 9*m - 2*p + 1002. What is the hundreds digit of m?
4
Let c(z) = 7*z - 2*z - 9 - 6*z - 5*z. What is the units digit of c(-2)?
3
Let y = 13 + -11. Suppose d = y + 1. Suppose -d*f + 28 = -5*a - 17, 4*a - 60 = -4*f. What is the tens digit of f?
1
Let x = 11 + -17. What is the units digit of ((-29)/x)/(1/(-8))*-3?
6
Let r(a) be the second derivative of 25*a**3/6 + a**2/2 + a. Suppose k = 4*i + 5, -i + 0 = 5*k - 4. What is the tens digit of r(k)?
2
Suppose -5*z - 1 = -4*r, 4*z + 3*r + 7 = -0*z. Let q(u) = 118*u**2 + 2*u + 1. What is the hundreds digit of q(z)?
1
Let h be (1 - -2) + (62 - 1). What is the units digit of h - (7 - (1 - -2))?
0
What is the hundreds digit of (-186)/(-496) + (-3733)/(-8)?
4
Suppose 2*a = p - 0*p + 6, -3*p + 3 = a. Suppose -k - 18 = a*v + 2*v, -2*k - 3*v = 8. Suppose -10 + k = -4*u. What is the units digit of u?
2
Let a = -32 - -75. Let z be a/9 + 18/81. Suppose 3*r = 2*v + 131, 3*r + 41 = -z*v + 207. What is the tens digit of r?
4
Suppose 2*t = -4*j + 21020, 48*j - 53*j + 4*t + 26301 = 0. What is the tens digit of j?
5
Let q(b) = -b**2 + b + 23. Let g be q(0). Let l = g - -80. What is the hundreds digit of l?
1
Let p(s) be the first derivative of s**4/4 - s**3/3 + 9*s**2/2 - 8*s - 12. What is the hundreds digit of p(5)?
1
Suppose -25*y + 134 = -24*y. Let q = 232 - y. What is the tens digit of q?
9
Suppose -1626 = -2*h + 2*n, -1638 = -2*h + n - 3*n. What is the units digit of h?
6
Let s(v) = 43*v**2 - 27*v. What is the hundreds digit of s(7)?
9
Let n = 898 - 1435. Let c = 823 + n. What is the units digit of c?
6
Let t be (-6)/(-5) + -1 + (-106)/5. Let m = 10 - t. What is the units digit of m?
1
Suppose 6*x - 3*x = 2*z - 9, 2*x + 6 = 4*z. Suppose 23*t - 19*t - 336 = z. What is the tens digit of t?
8
Let n = 598 - -356. What is the units digit of n?
4
Let v be 6/4*6/(-9). Let k be (v*2)/(19/(-228)). What is the tens digit of k/(-16) + (-33)/(-2)?
1
Suppose -t + 3*m = -969, 7*t - 9*t + 2*m + 1958 = 0. What is the units digit of t?
4
Let r(m) = -15*m**2 - 13*m - 2 + 6*m + 4*m - m**3 - 3. What is the units digit of r(-15)?
0
Let c(k) = -14*k**3 - 6*k**2 - 11*k - 15. What is the units digit of c(-4)?
9
Suppose 0 = -4*j - 8 - 8. Let x = j - -6. Suppose x*w + 3*w = 135. What is the units digit of w?
7
Let c = -200 + 1107. What is the tens digit of c?
0
Let m = 24 + -14. Let j(n) = 2 - 6 - 4 + m*n. What is the units digit of j(7)?
2
Suppose 8 = -2*n, 4*n = -3*l + 871 - 311. Suppose 0 = -7*q + l + 312. What is the tens digit of q?
7
Suppose -w - 2*w + 45 = 0. Let z = 9 + w. What is the tens digit of z?
2
Let p(s) = 4*s - 6*s + 0*s + 2. Let l be p(3). What is the units digit of 34/4 + (-2)/l?
9
Let r(k) = 2*k**2 - 2*k + 4. Let i be r(3). Suppose -i = -4*b - 4*b. Suppose -o = -g - 54, -4*o + b*g + 158 = -o. What is the units digit of o?
0
Let h be (-1209)/(-273) - ((-6)/(-14))/1. Suppose -h*q = -490 + 146. What is the tens digit of q?
8
Let k = 124 - 101. What is the tens digit of k?
2
Let g = 24 + -18. Let l(s) = 3*s**3 - 2*s**2 - 3*s - 1. Let k(a) = a**3 + a**2 + a. Let y(u) = -2*k(u) + l(u). What is the units digit of y(g)?
1
Suppose -52*t = -279696 + 24324. What is the thousands digit of t?
4
Let g be (-2)/(-5) + (-4199)/(-65). Suppose -5*l = g + 65. Let x = l - -38. What is the tens digit of x?
1
Let p(s) = -21*s + s**2 - 45 + 13*s**2 - 15*s**2. What is the tens digit of p(-15)?
4
Suppose -31*j + 27*j + 2644 = t, 3*t = -3*j + 1974. What is the hundreds digit of j?
6
Suppose 4*i + 77 = 609. Let f = i - 18. Suppose -2*k = 3*k - f. What is the units digit of k?
3
Suppose -s + 2*w = -4*s + 324, 4*w = -3*s + 324. What is the hundreds digit of s?
1
Suppose 2*z = 5*z - 216. Suppose 2*k - z